{"version":"1.0","provider_name":"Anders Adlercreutz","provider_url":"https:\/\/andersadlercreutz.fi\/blog","author_name":"Anders","author_url":"https:\/\/andersadlercreutz.fi\/blog\/author\/admin\/","title":"YLEs roll och det politiska inflytandet - Anders Adlercreutz","type":"rich","width":600,"height":338,"html":"<blockquote class=\"wp-embedded-content\" data-secret=\"aX3rYXzBi1\"><a href=\"https:\/\/andersadlercreutz.fi\/blog\/blog-sv\/yles-roll-och-det-politiska-inflytandet\/\">YLEs roll och det politiska inflytandet<\/a><\/blockquote><iframe sandbox=\"allow-scripts\" security=\"restricted\" src=\"https:\/\/andersadlercreutz.fi\/blog\/blog-sv\/yles-roll-och-det-politiska-inflytandet\/embed\/#?secret=aX3rYXzBi1\" width=\"600\" height=\"338\" title=\"\u201dYLEs roll och det politiska inflytandet\u201d &ndash; Anders Adlercreutz\" data-secret=\"aX3rYXzBi1\" frameborder=\"0\" marginwidth=\"0\" marginheight=\"0\" scrolling=\"no\" class=\"wp-embedded-content\"><\/iframe><script type=\"text\/javascript\">\n\/*! This file is auto-generated *\/\n!function(c,d){\"use strict\";var e=!1,o=!1;if(d.querySelector)if(c.addEventListener)e=!0;if(c.wp=c.wp||{},c.wp.receiveEmbedMessage);else if(c.wp.receiveEmbedMessage=function(e){var t=e.data;if(!t);else if(!(t.secret||t.message||t.value));else if(\/[^a-zA-Z0-9]\/.test(t.secret));else{for(var r,s,a,i=d.querySelectorAll('iframe[data-secret=\"'+t.secret+'\"]'),n=d.querySelectorAll('blockquote[data-secret=\"'+t.secret+'\"]'),o=new RegExp(\"^https?:$\",\"i\"),l=0;l<n.length;l++)n[l].style.display=\"none\";for(l=0;l<i.length;l++)if(r=i[l],e.source!==r.contentWindow);else{if(r.removeAttribute(\"style\"),\"height\"===t.message){if(1e3<(s=parseInt(t.value,10)))s=1e3;else if(~~s<200)s=200;r.height=s}if(\"link\"===t.message)if(s=d.createElement(\"a\"),a=d.createElement(\"a\"),s.href=r.getAttribute(\"src\"),a.href=t.value,!o.test(a.protocol));else if(a.host===s.host)if(d.activeElement===r)c.top.location.href=t.value}}},e)c.addEventListener(\"message\",c.wp.receiveEmbedMessage,!1),d.addEventListener(\"DOMContentLoaded\",t,!1),c.addEventListener(\"load\",t,!1);function t(){if(o);else{o=!0;for(var e,t,r,s=-1!==navigator.appVersion.indexOf(\"MSIE 10\"),a=!!navigator.userAgent.match(\/Trident.*rv:11\\.\/),i=d.querySelectorAll(\"iframe.wp-embedded-content\"),n=0;n<i.length;n++){if(!(r=(t=i[n]).getAttribute(\"data-secret\")))r=Math.random().toString(36).substr(2,10),t.src+=\"#?secret=\"+r,t.setAttribute(\"data-secret\",r);if(s||a)(e=t.cloneNode(!0)).removeAttribute(\"security\"),t.parentNode.replaceChild(e,t);t.contentWindow.postMessage({message:\"ready\",secret:r},\"*\")}}}}(window,document);\n<\/script>\n","thumbnail_url":"https:\/\/i0.wp.com\/andersadlercreutz.fi\/blog\/wp-content\/uploads\/2023\/12\/781A8306-copy-3.jpg?fit=2048%2C1366&ssl=1","thumbnail_width":2048,"thumbnail_height":1366,"description":"Under senaste veckorna har det f\u00f6rts debatt kring YLEs roll p\u00e5 ett s\u00e4tt som kan ifr\u00e5gas\u00e4ttas. S\u00e5 h\u00e4r t\u00e4nker jag: YLE \u00e4r en instans som har en s\u00e4rskild roll och uppgift. Den rollen \u00e4r inte bara att tillhandah\u00e5lla information, utan ocks\u00e5 att uppr\u00e4tth\u00e5lla v\u00e5r gemensamma kultur och v\u00e5rt kulturarv. YLEs verksamhet finansieras genom skattemedel. D\u00e4rf\u00f6r [&hellip;]"}

Under senaste veckorna har det förts debatt kring YLEs roll på ett sätt som kan ifrågasättas. Så här tänker jag: YLE är en instans som har en särskild roll och uppgift. Den rollen är inte bara att tillhandahålla information, utan också att upprätthålla vår gemensamma kultur och vårt kulturarv. YLEs verksamhet finansieras genom skattemedel. Därför [&hellip;]
