{"version":"1.0","provider_name":"Anders Adlercreutz","provider_url":"https:\/\/andersadlercreutz.fi\/blog","author_name":"Anders","author_url":"https:\/\/andersadlercreutz.fi\/blog\/author\/admin\/","title":"Om skogen, v\u00e5rden och maten - Anders Adlercreutz","type":"rich","width":600,"height":338,"html":"<blockquote class=\"wp-embedded-content\" data-secret=\"tJUMkOBLtV\"><a href=\"https:\/\/andersadlercreutz.fi\/blog\/blogg\/om-skogen-varden-och-maten\/\">Om skogen, v\u00e5rden och maten<\/a><\/blockquote><iframe sandbox=\"allow-scripts\" security=\"restricted\" src=\"https:\/\/andersadlercreutz.fi\/blog\/blogg\/om-skogen-varden-och-maten\/embed\/#?secret=tJUMkOBLtV\" width=\"600\" height=\"338\" title=\"\u201dOm skogen, v\u00e5rden och maten\u201d &ndash; Anders Adlercreutz\" data-secret=\"tJUMkOBLtV\" frameborder=\"0\" marginwidth=\"0\" marginheight=\"0\" scrolling=\"no\" class=\"wp-embedded-content\"><\/iframe><script type=\"text\/javascript\">\n\/*! This file is auto-generated *\/\n!function(c,d){\"use strict\";var e=!1,o=!1;if(d.querySelector)if(c.addEventListener)e=!0;if(c.wp=c.wp||{},c.wp.receiveEmbedMessage);else if(c.wp.receiveEmbedMessage=function(e){var t=e.data;if(!t);else if(!(t.secret||t.message||t.value));else if(\/[^a-zA-Z0-9]\/.test(t.secret));else{for(var r,s,a,i=d.querySelectorAll('iframe[data-secret=\"'+t.secret+'\"]'),n=d.querySelectorAll('blockquote[data-secret=\"'+t.secret+'\"]'),o=new RegExp(\"^https?:$\",\"i\"),l=0;l<n.length;l++)n[l].style.display=\"none\";for(l=0;l<i.length;l++)if(r=i[l],e.source!==r.contentWindow);else{if(r.removeAttribute(\"style\"),\"height\"===t.message){if(1e3<(s=parseInt(t.value,10)))s=1e3;else if(~~s<200)s=200;r.height=s}if(\"link\"===t.message)if(s=d.createElement(\"a\"),a=d.createElement(\"a\"),s.href=r.getAttribute(\"src\"),a.href=t.value,!o.test(a.protocol));else if(a.host===s.host)if(d.activeElement===r)c.top.location.href=t.value}}},e)c.addEventListener(\"message\",c.wp.receiveEmbedMessage,!1),d.addEventListener(\"DOMContentLoaded\",t,!1),c.addEventListener(\"load\",t,!1);function t(){if(o);else{o=!0;for(var e,t,r,s=-1!==navigator.appVersion.indexOf(\"MSIE 10\"),a=!!navigator.userAgent.match(\/Trident.*rv:11\\.\/),i=d.querySelectorAll(\"iframe.wp-embedded-content\"),n=0;n<i.length;n++){if(!(r=(t=i[n]).getAttribute(\"data-secret\")))r=Math.random().toString(36).substr(2,10),t.src+=\"#?secret=\"+r,t.setAttribute(\"data-secret\",r);if(s||a)(e=t.cloneNode(!0)).removeAttribute(\"security\"),t.parentNode.replaceChild(e,t);t.contentWindow.postMessage({message:\"ready\",secret:r},\"*\")}}}}(window,document);\n<\/script>\n","thumbnail_url":"https:\/\/andersadlercreutz.fi\/blog\/wp-content\/uploads\/2023\/12\/781A8306-copy-3.jpg","thumbnail_width":2048,"thumbnail_height":1366,"description":"Det h\u00e4r veckoslutet v\u00e4ljer Svenska folkpartiet en ny ordf\u00f6rande. Jag ser fram emot att tr\u00e4ffa alla partidagsdelegater och andra deltagare och forts\u00e4tta de diskussioner som f\u00f6rts under v\u00e5rens lopp ute p\u00e5 f\u00e4ltet runtom i Svenskfinland. Svenska Yle har idag publicerat en artikel d\u00e4r de j\u00e4mf\u00f6r oss ordf\u00f6randekandidater och n\u00e5gra av v\u00e5ra svar i valkompassen inf\u00f6r [&hellip;]"}

Om skogen, vården och maten - Anders Adlercreutz

<blockquote class="wp-embedded-content" data-secret="tJUMkOBLtV"><a href="https://andersadlercreutz.fi/blog/blogg/om-skogen-varden-och-maten/">Om skogen, vården och maten</a></blockquote><iframe sandbox="allow-scripts" security="restricted" src="https://andersadlercreutz.fi/blog/blogg/om-skogen-varden-och-maten/embed/#?secret=tJUMkOBLtV" width="600" height="338" title="”Om skogen, vården och maten” &ndash; Anders Adlercreutz" data-secret="tJUMkOBLtV" frameborder="0" marginwidth="0" marginheight="0" scrolling="no" class="wp-embedded-content"></iframe><script type="text/javascript">
/*! This file is auto-generated */
!function(c,d){"use strict";var e=!1,o=!1;if(d.querySelector)if(c.addEventListener)e=!0;if(c.wp=c.wp||{},c.wp.receiveEmbedMessage);else if(c.wp.receiveEmbedMessage=function(e){var t=e.data;if(!t);else if(!(t.secret||t.message||t.value));else if(/[^a-zA-Z0-9]/.test(t.secret));else{for(var r,s,a,i=d.querySelectorAll('iframe[data-secret="'+t.secret+'"]'),n=d.querySelectorAll('blockquote[data-secret="'+t.secret+'"]'),o=new RegExp("^https?:$","i"),l=0;l<n.length;l++)n[l].style.display="none";for(l=0;l<i.length;l++)if(r=i[l],e.source!==r.contentWindow);else{if(r.removeAttribute("style"),"height"===t.message){if(1e3<(s=parseInt(t.value,10)))s=1e3;else if(~~s<200)s=200;r.height=s}if("link"===t.message)if(s=d.createElement("a"),a=d.createElement("a"),s.href=r.getAttribute("src"),a.href=t.value,!o.test(a.protocol));else if(a.host===s.host)if(d.activeElement===r)c.top.location.href=t.value}}},e)c.addEventListener("message",c.wp.receiveEmbedMessage,!1),d.addEventListener("DOMContentLoaded",t,!1),c.addEventListener("load",t,!1);function t(){if(o);else{o=!0;for(var e,t,r,s=-1!==navigator.appVersion.indexOf("MSIE 10"),a=!!navigator.userAgent.match(/Trident.*rv:11\./),i=d.querySelectorAll("iframe.wp-embedded-content"),n=0;n<i.length;n++){if(!(r=(t=i[n]).getAttribute("data-secret")))r=Math.random().toString(36).substr(2,10),t.src+="#?secret="+r,t.setAttribute("data-secret",r);if(s||a)(e=t.cloneNode(!0)).removeAttribute("security"),t.parentNode.replaceChild(e,t);t.contentWindow.postMessage({message:"ready",secret:r},"*")}}}}(window,document);
</script>

Det här veckoslutet väljer Svenska folkpartiet en ny ordförande. Jag ser fram emot att träffa alla partidagsdelegater och andra deltagare och fortsätta de diskussioner som förts under vårens lopp ute på fältet runtom i Svenskfinland. Svenska Yle har idag publicerat en artikel där de jämför oss ordförandekandidater och några av våra svar i valkompassen inför [&hellip;]
