{"version":"1.0","provider_name":"Anders Adlercreutz","provider_url":"https:\/\/andersadlercreutz.fi\/blog","author_name":"Anders","author_url":"https:\/\/andersadlercreutz.fi\/blog\/author\/admin\/","title":"Adlercreutz efterlyser fond f\u00f6r m\u00f6gelsaneringar - Anders Adlercreutz","type":"rich","width":600,"height":338,"html":"<blockquote class=\"wp-embedded-content\" data-secret=\"eUzL9lZmhQ\"><a href=\"https:\/\/andersadlercreutz.fi\/blog\/pressmeddelande\/adlercreutz-efterlyser-fond-for-mogelsaneringar\/\">Adlercreutz efterlyser fond f\u00f6r m\u00f6gelsaneringar<\/a><\/blockquote><iframe sandbox=\"allow-scripts\" security=\"restricted\" src=\"https:\/\/andersadlercreutz.fi\/blog\/pressmeddelande\/adlercreutz-efterlyser-fond-for-mogelsaneringar\/embed\/#?secret=eUzL9lZmhQ\" width=\"600\" height=\"338\" title=\"\u201dAdlercreutz efterlyser fond f\u00f6r m\u00f6gelsaneringar\u201d &ndash; Anders Adlercreutz\" data-secret=\"eUzL9lZmhQ\" frameborder=\"0\" marginwidth=\"0\" marginheight=\"0\" scrolling=\"no\" class=\"wp-embedded-content\"><\/iframe><script type=\"text\/javascript\">\n\/*! This file is auto-generated *\/\n!function(c,d){\"use strict\";var e=!1,o=!1;if(d.querySelector)if(c.addEventListener)e=!0;if(c.wp=c.wp||{},c.wp.receiveEmbedMessage);else if(c.wp.receiveEmbedMessage=function(e){var t=e.data;if(!t);else if(!(t.secret||t.message||t.value));else if(\/[^a-zA-Z0-9]\/.test(t.secret));else{for(var r,s,a,i=d.querySelectorAll('iframe[data-secret=\"'+t.secret+'\"]'),n=d.querySelectorAll('blockquote[data-secret=\"'+t.secret+'\"]'),o=new RegExp(\"^https?:$\",\"i\"),l=0;l<n.length;l++)n[l].style.display=\"none\";for(l=0;l<i.length;l++)if(r=i[l],e.source!==r.contentWindow);else{if(r.removeAttribute(\"style\"),\"height\"===t.message){if(1e3<(s=parseInt(t.value,10)))s=1e3;else if(~~s<200)s=200;r.height=s}if(\"link\"===t.message)if(s=d.createElement(\"a\"),a=d.createElement(\"a\"),s.href=r.getAttribute(\"src\"),a.href=t.value,!o.test(a.protocol));else if(a.host===s.host)if(d.activeElement===r)c.top.location.href=t.value}}},e)c.addEventListener(\"message\",c.wp.receiveEmbedMessage,!1),d.addEventListener(\"DOMContentLoaded\",t,!1),c.addEventListener(\"load\",t,!1);function t(){if(o);else{o=!0;for(var e,t,r,s=-1!==navigator.appVersion.indexOf(\"MSIE 10\"),a=!!navigator.userAgent.match(\/Trident.*rv:11\\.\/),i=d.querySelectorAll(\"iframe.wp-embedded-content\"),n=0;n<i.length;n++){if(!(r=(t=i[n]).getAttribute(\"data-secret\")))r=Math.random().toString(36).substr(2,10),t.src+=\"#?secret=\"+r,t.setAttribute(\"data-secret\",r);if(s||a)(e=t.cloneNode(!0)).removeAttribute(\"security\"),t.parentNode.replaceChild(e,t);t.contentWindow.postMessage({message:\"ready\",secret:r},\"*\")}}}}(window,document);\n<\/script>\n","thumbnail_url":"https:\/\/i0.wp.com\/andersadlercreutz.fi\/blog\/wp-content\/uploads\/2017\/05\/Bild1_240517.jpg?fit=681%2C378&ssl=1","thumbnail_width":681,"thumbnail_height":378,"description":"Pressmeddelande 28.9.2017 Publiceringsfritt genast \u00a0 Riksdagsledamot Anders Adlercreutz har l\u00e4mnat in en \u00e5tg\u00e4rdsmotion d\u00e4r han uppmanar regeringen att grunda en fond f\u00f6r m\u00f6gelsaneringar av skolor och daghem. Fonden skulle bevilja pengar till kommuner som brottas med inomhusluftsproblem orsakade av m\u00f6gel- och fuktskador. &#8211; Enligt en uppskattning fr\u00e5n 2012 ber\u00f6rs 172 000\u2013259 000 dagisbarn, skolelever och [&hellip;]"}

Adlercreutz efterlyser fond för mögelsaneringar - Anders Adlercreutz

<blockquote class="wp-embedded-content" data-secret="eUzL9lZmhQ"><a href="https://andersadlercreutz.fi/blog/pressmeddelande/adlercreutz-efterlyser-fond-for-mogelsaneringar/">Adlercreutz efterlyser fond för mögelsaneringar</a></blockquote><iframe sandbox="allow-scripts" security="restricted" src="https://andersadlercreutz.fi/blog/pressmeddelande/adlercreutz-efterlyser-fond-for-mogelsaneringar/embed/#?secret=eUzL9lZmhQ" width="600" height="338" title="”Adlercreutz efterlyser fond för mögelsaneringar” &ndash; Anders Adlercreutz" data-secret="eUzL9lZmhQ" frameborder="0" marginwidth="0" marginheight="0" scrolling="no" class="wp-embedded-content"></iframe><script type="text/javascript">
/*! This file is auto-generated */
!function(c,d){"use strict";var e=!1,o=!1;if(d.querySelector)if(c.addEventListener)e=!0;if(c.wp=c.wp||{},c.wp.receiveEmbedMessage);else if(c.wp.receiveEmbedMessage=function(e){var t=e.data;if(!t);else if(!(t.secret||t.message||t.value));else if(/[^a-zA-Z0-9]/.test(t.secret));else{for(var r,s,a,i=d.querySelectorAll('iframe[data-secret="'+t.secret+'"]'),n=d.querySelectorAll('blockquote[data-secret="'+t.secret+'"]'),o=new RegExp("^https?:$","i"),l=0;l<n.length;l++)n[l].style.display="none";for(l=0;l<i.length;l++)if(r=i[l],e.source!==r.contentWindow);else{if(r.removeAttribute("style"),"height"===t.message){if(1e3<(s=parseInt(t.value,10)))s=1e3;else if(~~s<200)s=200;r.height=s}if("link"===t.message)if(s=d.createElement("a"),a=d.createElement("a"),s.href=r.getAttribute("src"),a.href=t.value,!o.test(a.protocol));else if(a.host===s.host)if(d.activeElement===r)c.top.location.href=t.value}}},e)c.addEventListener("message",c.wp.receiveEmbedMessage,!1),d.addEventListener("DOMContentLoaded",t,!1),c.addEventListener("load",t,!1);function t(){if(o);else{o=!0;for(var e,t,r,s=-1!==navigator.appVersion.indexOf("MSIE 10"),a=!!navigator.userAgent.match(/Trident.*rv:11\./),i=d.querySelectorAll("iframe.wp-embedded-content"),n=0;n<i.length;n++){if(!(r=(t=i[n]).getAttribute("data-secret")))r=Math.random().toString(36).substr(2,10),t.src+="#?secret="+r,t.setAttribute("data-secret",r);if(s||a)(e=t.cloneNode(!0)).removeAttribute("security"),t.parentNode.replaceChild(e,t);t.contentWindow.postMessage({message:"ready",secret:r},"*")}}}}(window,document);
</script>

Pressmeddelande 28.9.2017 Publiceringsfritt genast   Riksdagsledamot Anders Adlercreutz har lämnat in en åtgärdsmotion där han uppmanar regeringen att grunda en fond för mögelsaneringar av skolor och daghem. Fonden skulle bevilja pengar till kommuner som brottas med inomhusluftsproblem orsakade av mögel- och fuktskador. &#8211; Enligt en uppskattning från 2012 berörs 172 000–259 000 dagisbarn, skolelever och [&hellip;]
