{"version":"1.0","provider_name":"Anders Adlercreutz","provider_url":"https:\/\/andersadlercreutz.fi\/blog","author_name":"Anders","author_url":"https:\/\/andersadlercreutz.fi\/blog\/author\/admin\/","title":"Inl\u00e4gg i interpellationsdebatten 6.4.2016 - Anders Adlercreutz","type":"rich","width":600,"height":338,"html":"<blockquote class=\"wp-embedded-content\" data-secret=\"3AjWn0J6hQ\"><a href=\"https:\/\/andersadlercreutz.fi\/blog\/undervisning\/inlagg-i-interpellationsdebatten-6-4-2016\/\">Inl\u00e4gg i interpellationsdebatten 6.4.2016<\/a><\/blockquote><iframe sandbox=\"allow-scripts\" security=\"restricted\" src=\"https:\/\/andersadlercreutz.fi\/blog\/undervisning\/inlagg-i-interpellationsdebatten-6-4-2016\/embed\/#?secret=3AjWn0J6hQ\" width=\"600\" height=\"338\" title=\"\u201dInl\u00e4gg i interpellationsdebatten 6.4.2016\u201d &ndash; Anders Adlercreutz\" data-secret=\"3AjWn0J6hQ\" frameborder=\"0\" marginwidth=\"0\" marginheight=\"0\" scrolling=\"no\" class=\"wp-embedded-content\"><\/iframe><script type=\"text\/javascript\">\n\/*! This file is auto-generated *\/\n!function(c,d){\"use strict\";var e=!1,o=!1;if(d.querySelector)if(c.addEventListener)e=!0;if(c.wp=c.wp||{},c.wp.receiveEmbedMessage);else if(c.wp.receiveEmbedMessage=function(e){var t=e.data;if(!t);else if(!(t.secret||t.message||t.value));else if(\/[^a-zA-Z0-9]\/.test(t.secret));else{for(var r,s,a,i=d.querySelectorAll('iframe[data-secret=\"'+t.secret+'\"]'),n=d.querySelectorAll('blockquote[data-secret=\"'+t.secret+'\"]'),o=new RegExp(\"^https?:$\",\"i\"),l=0;l<n.length;l++)n[l].style.display=\"none\";for(l=0;l<i.length;l++)if(r=i[l],e.source!==r.contentWindow);else{if(r.removeAttribute(\"style\"),\"height\"===t.message){if(1e3<(s=parseInt(t.value,10)))s=1e3;else if(~~s<200)s=200;r.height=s}if(\"link\"===t.message)if(s=d.createElement(\"a\"),a=d.createElement(\"a\"),s.href=r.getAttribute(\"src\"),a.href=t.value,!o.test(a.protocol));else if(a.host===s.host)if(d.activeElement===r)c.top.location.href=t.value}}},e)c.addEventListener(\"message\",c.wp.receiveEmbedMessage,!1),d.addEventListener(\"DOMContentLoaded\",t,!1),c.addEventListener(\"load\",t,!1);function t(){if(o);else{o=!0;for(var e,t,r,s=-1!==navigator.appVersion.indexOf(\"MSIE 10\"),a=!!navigator.userAgent.match(\/Trident.*rv:11\\.\/),i=d.querySelectorAll(\"iframe.wp-embedded-content\"),n=0;n<i.length;n++){if(!(r=(t=i[n]).getAttribute(\"data-secret\")))r=Math.random().toString(36).substr(2,10),t.src+=\"#?secret=\"+r,t.setAttribute(\"data-secret\",r);if(s||a)(e=t.cloneNode(!0)).removeAttribute(\"security\"),t.parentNode.replaceChild(e,t);t.contentWindow.postMessage({message:\"ready\",secret:r},\"*\")}}}}(window,document);\n<\/script>\n","thumbnail_url":"https:\/\/i0.wp.com\/andersadlercreutz.fi\/blog\/wp-content\/uploads\/2015\/12\/ty\u00f6llisyyspuhe.jpg?fit=2039%2C1147&ssl=1","thumbnail_width":2039,"thumbnail_height":1147,"description":"V\u00e4rderade talman, Arvoisa puhemies, Har regeringen en vision? Har regeringen en bild av den framtid vi marscherar emot? Onko hallituksella visio? Vastaus t\u00e4h\u00e4n on meille kaikille selv\u00e4. Ei ole visiota, ei ole strategiaa, ei ole priorisointeja. On ainoastaan h\u00f6yl\u00e4, joka biotaloutta lukuunottamatta n\u00e4ivett\u00e4\u00e4 kaikki Oy Suomi AB:n menestyksen rakenteet. \u00a0Ei ole kyky\u00e4 maalata kuvaa tulevaisuuden [&hellip;]"}

Inlägg i interpellationsdebatten 6.4.2016 - Anders Adlercreutz

<blockquote class="wp-embedded-content" data-secret="3AjWn0J6hQ"><a href="https://andersadlercreutz.fi/blog/undervisning/inlagg-i-interpellationsdebatten-6-4-2016/">Inlägg i interpellationsdebatten 6.4.2016</a></blockquote><iframe sandbox="allow-scripts" security="restricted" src="https://andersadlercreutz.fi/blog/undervisning/inlagg-i-interpellationsdebatten-6-4-2016/embed/#?secret=3AjWn0J6hQ" width="600" height="338" title="”Inlägg i interpellationsdebatten 6.4.2016” &ndash; Anders Adlercreutz" data-secret="3AjWn0J6hQ" frameborder="0" marginwidth="0" marginheight="0" scrolling="no" class="wp-embedded-content"></iframe><script type="text/javascript">
/*! This file is auto-generated */
!function(c,d){"use strict";var e=!1,o=!1;if(d.querySelector)if(c.addEventListener)e=!0;if(c.wp=c.wp||{},c.wp.receiveEmbedMessage);else if(c.wp.receiveEmbedMessage=function(e){var t=e.data;if(!t);else if(!(t.secret||t.message||t.value));else if(/[^a-zA-Z0-9]/.test(t.secret));else{for(var r,s,a,i=d.querySelectorAll('iframe[data-secret="'+t.secret+'"]'),n=d.querySelectorAll('blockquote[data-secret="'+t.secret+'"]'),o=new RegExp("^https?:$","i"),l=0;l<n.length;l++)n[l].style.display="none";for(l=0;l<i.length;l++)if(r=i[l],e.source!==r.contentWindow);else{if(r.removeAttribute("style"),"height"===t.message){if(1e3<(s=parseInt(t.value,10)))s=1e3;else if(~~s<200)s=200;r.height=s}if("link"===t.message)if(s=d.createElement("a"),a=d.createElement("a"),s.href=r.getAttribute("src"),a.href=t.value,!o.test(a.protocol));else if(a.host===s.host)if(d.activeElement===r)c.top.location.href=t.value}}},e)c.addEventListener("message",c.wp.receiveEmbedMessage,!1),d.addEventListener("DOMContentLoaded",t,!1),c.addEventListener("load",t,!1);function t(){if(o);else{o=!0;for(var e,t,r,s=-1!==navigator.appVersion.indexOf("MSIE 10"),a=!!navigator.userAgent.match(/Trident.*rv:11\./),i=d.querySelectorAll("iframe.wp-embedded-content"),n=0;n<i.length;n++){if(!(r=(t=i[n]).getAttribute("data-secret")))r=Math.random().toString(36).substr(2,10),t.src+="#?secret="+r,t.setAttribute("data-secret",r);if(s||a)(e=t.cloneNode(!0)).removeAttribute("security"),t.parentNode.replaceChild(e,t);t.contentWindow.postMessage({message:"ready",secret:r},"*")}}}}(window,document);
</script>

https://i0.wp.com/andersadlercreutz.fi/blog/wp-content/uploads/2015/12/työllisyyspuhe.jpg?fit=2039%2C1147&ssl=1

Värderade talman, Arvoisa puhemies, Har regeringen en vision? Har regeringen en bild av den framtid vi marscherar emot? Onko hallituksella visio? Vastaus tähän on meille kaikille selvä. Ei ole visiota, ei ole strategiaa, ei ole priorisointeja. On ainoastaan höylä, joka biotaloutta lukuunottamatta näivettää kaikki Oy Suomi AB:n menestyksen rakenteet.  Ei ole kykyä maalata kuvaa tulevaisuuden [&hellip;]
